{"id":5790,"date":"2025-05-13T19:26:50","date_gmt":"2025-05-13T19:26:50","guid":{"rendered":"https:\/\/wycos.ch\/?post_type=product&#038;p=5790"},"modified":"2025-05-13T19:33:04","modified_gmt":"2025-05-13T19:33:04","slug":"comfrey-gel-200g","status":"publish","type":"product","link":"https:\/\/wycos.ch\/fr\/product\/comfrey-gel-200g\/","title":{"rendered":"GEL DE CONSOUDE 200 g"},"content":{"rendered":"<p>Notre gel de consoude \u00e0 la griffe du diable et \u00e0 l&rsquo;arnica contient une forte concentration d&rsquo;extrait de consoude. Il rafra\u00eechit instantan\u00e9ment gr\u00e2ce \u00e0 l&rsquo;huile de menthe poivr\u00e9e. Id\u00e9al pour le soin de la peau des muscles et des ligaments, rafra\u00eechit et r\u00e9g\u00e9n\u00e8re par exemple les zones cutan\u00e9es tendues. Genoux, hanches, \u00e9paules, etc.<\/p>","protected":false},"excerpt":{"rendered":"<p>Gel de plantes m\u00e9dicinales \u00e0 la consoude.<\/p>\n","protected":false},"featured_media":5684,"comment_status":"open","ping_status":"closed","template":"","meta":[],"product_brand":[],"product_cat":[59],"product_tag":[],"class_list":["post-5790","product","type-product","status-publish","has-post-thumbnail","product_cat-gels","first","instock","shipping-taxable","purchasable","product-type-simple"],"_links":{"self":[{"href":"https:\/\/wycos.ch\/fr\/wp-json\/wp\/v2\/product\/5790","targetHints":{"allow":["GET"]}}],"collection":[{"href":"https:\/\/wycos.ch\/fr\/wp-json\/wp\/v2\/product"}],"about":[{"href":"https:\/\/wycos.ch\/fr\/wp-json\/wp\/v2\/types\/product"}],"replies":[{"embeddable":true,"href":"https:\/\/wycos.ch\/fr\/wp-json\/wp\/v2\/comments?post=5790"}],"wp:featuredmedia":[{"embeddable":true,"href":"https:\/\/wycos.ch\/fr\/wp-json\/wp\/v2\/media\/5684"}],"wp:attachment":[{"href":"https:\/\/wycos.ch\/fr\/wp-json\/wp\/v2\/media?parent=5790"}],"wp:term":[{"taxonomy":"product_brand","embeddable":true,"href":"https:\/\/wycos.ch\/fr\/wp-json\/wp\/v2\/product_brand?post=5790"},{"taxonomy":"product_cat","embeddable":true,"href":"https:\/\/wycos.ch\/fr\/wp-json\/wp\/v2\/product_cat?post=5790"},{"taxonomy":"product_tag","embeddable":true,"href":"https:\/\/wycos.ch\/fr\/wp-json\/wp\/v2\/product_tag?post=5790"}],"curies":[{"name":"wp","href":"https:\/\/api.w.org\/{rel}","templated":true}]}}

<p>Notre gel de consoude à la griffe du diable et à l&rsquo;arnica contient une forte concentration d&rsquo;extrait de consoude. Il rafraîchit instantanément grâce à l&rsquo;huile de menthe poivrée. Idéal pour le soin de la peau des muscles et des ligaments, rafraîchit et régénère par exemple les zones cutanées tendues. Genoux, hanches, épaules, etc.</p>

<p>Gel de plantes médicinales à la consoude.</p>
