{"id":4699,"date":"2025-02-12T13:34:31","date_gmt":"2025-02-12T13:34:31","guid":{"rendered":"https:\/\/wycos.ch\/?page_id=4699"},"modified":"2025-04-24T14:21:50","modified_gmt":"2025-04-24T14:21:50","slug":"lip-care","status":"publish","type":"page","link":"https:\/\/wycos.ch\/fr\/products\/lip-care\/","title":{"rendered":"Soin des l\u00e8vres"},"content":{"rendered":"<div class=\"wpb-content-wrapper\"><p><\/p>\n<p>[vc_row full_width_css=\u00a0\u00bbstretch_row_content_no_spaces_css\u00a0\u00bb full_width=\u00a0\u00bbstretch_row_content_no_spaces\u00a0\u00bb conditional_render=\u00a0\u00bb%5B%7B%22value_role%22%3A%22administrator%22%7D%5D\u00a0\u00bb css_params=\u00a0\u00bb\u00a0\u00bb css=\u00a0\u00bb.vc_custom_1745501129982{background-image: url(https:\/\/wycos.ch\/wp-content\/uploads\/2025\/02\/header-produkte3.jpg?id=4978) !important;}\u00a0\u00bb][vc_column]<div class=\"page-top page-header-4   wpb_custom_6fec1a9924963cd81f0ea4c97071ae31\"><style>.page-top { background: none; border-bottom: none; } .page-top .page-title:not(.b-none):after { display: none; }<\/style><div class=\"container hide-title\">\r\n\t<div class=\"row align-items-center justify-content-end\">\r\n\t\t<div class=\"col-lg-6 d-none\">\r\n\t\t\t\t\t\t<h3 class=\"page-title\"><\/h3>\r\n\t\t\t\t\t<\/div>\r\n\t\t\t\t\t<div class=\"breadcrumbs-wrap col-lg-6\">\r\n\t\t\t\t<ul class=\"breadcrumb\" itemscope itemtype=\"https:\/\/schema.org\/BreadcrumbList\"><li class=\"home\" itemprop=\"itemListElement\" itemscope itemtype=\"https:\/\/schema.org\/ListItem\"><a itemprop=\"item\" href=\"https:\/\/wycos.ch\/fr\" title=\"Go to Home Page\"><span itemprop=\"name\">Home<\/span><\/a><meta itemprop=\"position\" content=\"3\" \/><i class=\"delimiter delimiter-2\"><\/i><\/li><\/ul>\t\t\t<\/div>\r\n\t\t\t\t\t<\/div>\r\n<\/div>\r\n<\/div>[\/vc_column][\/vc_row][vc_row][vc_column][vc_empty_space css_params=\u00a0\u00bb\u00a0\u00bb][\/vc_column][\/vc_row][vc_row][vc_column][vc_column_text css=\u00a0\u00bb\u00a0\u00bb css_params=\u00a0\u00bb\u00a0\u00bb]<\/p>\n<h3>Soin des l\u00e8vres<\/h3>\n<p>[\/vc_column_text][\/vc_column][\/vc_row][vc_row][vc_column][vc_column_text css=\u00a0\u00bb\u00a0\u00bb css_params=\u00a0\u00bb\u00a0\u00bb]Notre soin des l\u00e8vres 1000 fois \u00e9prouv\u00e9 \u00e0 l&rsquo;huile d&rsquo;arbre \u00e0 th\u00e9, \u00e0 la propolis et au thym est l&rsquo;un des premiers produits \u00e0 \u00eatre fabriqu\u00e9 dans notre laboratoire. Il prend soin des l\u00e8vres s\u00e8ches sous une forme pratiquement inchang\u00e9e depuis des d\u00e9cennies et les prot\u00e8ge du soleil, du froid et du vent.<\/p>\n<p>Le baume \u00e0 l\u00e8vres <strong>Edelwyss<\/strong> est la version v\u00e9g\u00e9talienne \u2013 sans cire d&rsquo;abeille ni lanoline, mais avec de l&rsquo;huile de graines de brocoli pr\u00e9cieuse, de la cire de candelilla protectrice, du beurre de karit\u00e9 nourrissant et de l&rsquo;extrait d&rsquo;edelweiss bienfaisant.<\/p>\n<p><span style=\"color: #99cc00;\"><strong><img loading=\"lazy\" decoding=\"async\" class=\"alignnone size-full wp-image-5252\" src=\"https:\/\/wycos.ch\/wp-content\/uploads\/2025\/04\/shopping-cart-1.png\" alt=\"\" width=\"20\" height=\"25\" \/> Voir les produits &gt;&gt;&gt;<\/strong><\/span>[\/vc_column_text][\/vc_column][\/vc_row][vc_row][vc_column][vc_empty_space height=\u00a0\u00bb150px\u00a0\u00bb css_params=\u00a0\u00bb\u00a0\u00bb][\/vc_column][\/vc_row]<\/p>\n<p><\/p>\n<\/div>","protected":false},"excerpt":{"rendered":"<p>[vc_row full_width_css=\u00a0\u00bbstretch_row_content_no_spaces_css\u00a0\u00bb full_width=\u00a0\u00bbstretch_row_content_no_spaces\u00a0\u00bb conditional_render=\u00a0\u00bb%5B%7B%22value_role%22%3A%22administrator%22%7D%5D\u00a0\u00bb css_params=\u00a0\u00bb\u00a0\u00bb css=\u00a0\u00bb.vc_custom_1745501129982{background-image: url(https:\/\/wycos.ch\/wp-content\/uploads\/2025\/02\/header-produkte3.jpg?id=4978) !important;}\u00a0\u00bb][vc_column][\/vc_column][\/vc_row][vc_row][vc_column][vc_empty_space css_params=\u00a0\u00bb\u00a0\u00bb][\/vc_column][\/vc_row][vc_row][vc_column][vc_column_text css=\u00a0\u00bb\u00a0\u00bb css_params=\u00a0\u00bb\u00a0\u00bb] Soin des l\u00e8vres [\/vc_column_text][\/vc_column][\/vc_row][vc_row][vc_column][vc_column_text css=\u00a0\u00bb\u00a0\u00bb css_params=\u00a0\u00bb\u00a0\u00bb]Notre soin des l\u00e8vres 1000 fois \u00e9prouv\u00e9 \u00e0 l&rsquo;huile d&rsquo;arbre \u00e0 th\u00e9, \u00e0 la propolis et au thym est l&rsquo;un des premiers produits \u00e0 \u00eatre fabriqu\u00e9 dans notre laboratoire. Il prend soin des l\u00e8vres s\u00e8ches sous une forme pratiquement [&hellip;]<\/p>\n","protected":false},"author":1,"featured_media":0,"parent":4682,"menu_order":0,"comment_status":"closed","ping_status":"closed","template":"","meta":{"footnotes":""},"class_list":["post-4699","page","type-page","status-publish","hentry"],"_links":{"self":[{"href":"https:\/\/wycos.ch\/fr\/wp-json\/wp\/v2\/pages\/4699","targetHints":{"allow":["GET"]}}],"collection":[{"href":"https:\/\/wycos.ch\/fr\/wp-json\/wp\/v2\/pages"}],"about":[{"href":"https:\/\/wycos.ch\/fr\/wp-json\/wp\/v2\/types\/page"}],"author":[{"embeddable":true,"href":"https:\/\/wycos.ch\/fr\/wp-json\/wp\/v2\/users\/1"}],"replies":[{"embeddable":true,"href":"https:\/\/wycos.ch\/fr\/wp-json\/wp\/v2\/comments?post=4699"}],"version-history":[{"count":20,"href":"https:\/\/wycos.ch\/fr\/wp-json\/wp\/v2\/pages\/4699\/revisions"}],"predecessor-version":[{"id":5742,"href":"https:\/\/wycos.ch\/fr\/wp-json\/wp\/v2\/pages\/4699\/revisions\/5742"}],"up":[{"embeddable":true,"href":"https:\/\/wycos.ch\/fr\/wp-json\/wp\/v2\/pages\/4682"}],"wp:attachment":[{"href":"https:\/\/wycos.ch\/fr\/wp-json\/wp\/v2\/media?parent=4699"}],"curies":[{"name":"wp","href":"https:\/\/api.w.org\/{rel}","templated":true}]}}

Soin des lèvres

<div class="wpb-content-wrapper"><p></p>
<p>[vc_row full_width_css= »stretch_row_content_no_spaces_css » full_width= »stretch_row_content_no_spaces » conditional_render= »%5B%7B%22value_role%22%3A%22administrator%22%7D%5D » css_params= » » css= ».vc_custom_1745501129982{background-image: url(https://wycos.ch/wp-content/uploads/2025/02/header-produkte3.jpg?id=4978) !important;} »][vc_column]<div class="page-top page-header-4   wpb_custom_6fec1a9924963cd81f0ea4c97071ae31"><style>.page-top { background: none; border-bottom: none; } .page-top .page-title:not(.b-none):after { display: none; }</style><div class="container hide-title">
	<div class="row align-items-center justify-content-end">
		<div class="col-lg-6 d-none">
						<h3 class="page-title"></h3>
					</div>
					<div class="breadcrumbs-wrap col-lg-6">
				<ul class="breadcrumb" itemscope itemtype="https://schema.org/BreadcrumbList"><li class="home" itemprop="itemListElement" itemscope itemtype="https://schema.org/ListItem"><a itemprop="item" href="https://wycos.ch/fr" title="Go to Home Page"><span itemprop="name">Home</span></a><meta itemprop="position" content="3" /><i class="delimiter delimiter-2"></i></li></ul>			</div>
					</div>
</div>
</div>[/vc_column][/vc_row][vc_row][vc_column][vc_empty_space css_params= » »][/vc_column][/vc_row][vc_row][vc_column][vc_column_text css= » » css_params= » »]</p>
<h3>Soin des lèvres</h3>
<p>[/vc_column_text][/vc_column][/vc_row][vc_row][vc_column][vc_column_text css= » » css_params= » »]Notre soin des lèvres 1000 fois éprouvé à l&rsquo;huile d&rsquo;arbre à thé, à la propolis et au thym est l&rsquo;un des premiers produits à être fabriqué dans notre laboratoire. Il prend soin des lèvres sèches sous une forme pratiquement inchangée depuis des décennies et les protège du soleil, du froid et du vent.</p>
<p>Le baume à lèvres <strong>Edelwyss</strong> est la version végétalienne – sans cire d&rsquo;abeille ni lanoline, mais avec de l&rsquo;huile de graines de brocoli précieuse, de la cire de candelilla protectrice, du beurre de karité nourrissant et de l&rsquo;extrait d&rsquo;edelweiss bienfaisant.</p>
<p><span style="color: #99cc00;"><strong><img loading="lazy" decoding="async" class="alignnone size-full wp-image-5252" src="https://wycos.ch/wp-content/uploads/2025/04/shopping-cart-1.png" alt="" width="20" height="25" /> Voir les produits &gt;&gt;&gt;</strong></span>[/vc_column_text][/vc_column][/vc_row][vc_row][vc_column][vc_empty_space height= »150px » css_params= » »][/vc_column][/vc_row]</p>
<p></p>
</div>

<p>[vc_row full_width_css= »stretch_row_content_no_spaces_css » full_width= »stretch_row_content_no_spaces » conditional_render= »%5B%7B%22value_role%22%3A%22administrator%22%7D%5D » css_params= » » css= ».vc_custom_1745501129982{background-image: url(https://wycos.ch/wp-content/uploads/2025/02/header-produkte3.jpg?id=4978) !important;} »][vc_column][/vc_column][/vc_row][vc_row][vc_column][vc_empty_space css_params= » »][/vc_column][/vc_row][vc_row][vc_column][vc_column_text css= » » css_params= » »] Soin des lèvres [/vc_column_text][/vc_column][/vc_row][vc_row][vc_column][vc_column_text css= » » css_params= » »]Notre soin des lèvres 1000 fois éprouvé à l&rsquo;huile d&rsquo;arbre à thé, à la propolis et au thym est l&rsquo;un des premiers produits à être fabriqué dans notre laboratoire. Il prend soin des lèvres sèches sous une forme pratiquement [&hellip;]</p>
