{"id":5421,"date":"2025-04-16T14:35:16","date_gmt":"2025-04-16T14:35:16","guid":{"rendered":"https:\/\/wycos.ch\/?post_type=product&#038;p=5421"},"modified":"2025-04-30T22:35:11","modified_gmt":"2025-04-30T22:35:11","slug":"edelwyss-day-face-cream-50ml","status":"publish","type":"product","link":"https:\/\/wycos.ch\/de\/product\/edelwyss-day-face-cream-50ml\/","title":{"rendered":"EdelWyss Gesichtscreme Tag 50ml"},"content":{"rendered":"<p>Edelweissextrakt, Hyalurons\u00e4ure, Provitamin B5, Vitamin E und der nat\u00fcrliche Feuchtigkeitsfaktor aus Schwarzhafer und Lecithin sorgen f\u00fcr nachhaltige Pflege und vermindern F\u00e4ltchen. Rein nat\u00fcrliche \u00d6le aus Aprikosenkernen, Macadamia und Sheabutter pflegen und sch\u00fctzen die Haut.<\/p>\n<p>Frei von Parabenen, Paraffin, Silikon und PEG.<\/p>\n<p>Hergestellt in der Schweiz<\/p>","protected":false},"excerpt":{"rendered":"<p>Leichte, intensiv hydratisierenede Tagespflege mit Edelweiss f\u00fcr nomale bis trockene Haut.<\/p>\n","protected":false},"featured_media":5422,"comment_status":"open","ping_status":"closed","template":"","meta":[],"product_brand":[],"product_cat":[56,64],"product_tag":[73,75,74],"class_list":["post-5421","product","type-product","status-publish","has-post-thumbnail","product_cat-edelwyss","product_cat-facial-care","product_tag-edelweiss","product_tag-edelweiss-kosmetik","product_tag-gesichtscreme","first","instock","shipping-taxable","purchasable","product-type-simple"],"_links":{"self":[{"href":"https:\/\/wycos.ch\/de\/wp-json\/wp\/v2\/product\/5421","targetHints":{"allow":["GET"]}}],"collection":[{"href":"https:\/\/wycos.ch\/de\/wp-json\/wp\/v2\/product"}],"about":[{"href":"https:\/\/wycos.ch\/de\/wp-json\/wp\/v2\/types\/product"}],"replies":[{"embeddable":true,"href":"https:\/\/wycos.ch\/de\/wp-json\/wp\/v2\/comments?post=5421"}],"wp:featuredmedia":[{"embeddable":true,"href":"https:\/\/wycos.ch\/de\/wp-json\/wp\/v2\/media\/5422"}],"wp:attachment":[{"href":"https:\/\/wycos.ch\/de\/wp-json\/wp\/v2\/media?parent=5421"}],"wp:term":[{"taxonomy":"product_brand","embeddable":true,"href":"https:\/\/wycos.ch\/de\/wp-json\/wp\/v2\/product_brand?post=5421"},{"taxonomy":"product_cat","embeddable":true,"href":"https:\/\/wycos.ch\/de\/wp-json\/wp\/v2\/product_cat?post=5421"},{"taxonomy":"product_tag","embeddable":true,"href":"https:\/\/wycos.ch\/de\/wp-json\/wp\/v2\/product_tag?post=5421"}],"curies":[{"name":"wp","href":"https:\/\/api.w.org\/{rel}","templated":true}]}}

<p>Edelweissextrakt, Hyaluronsäure, Provitamin B5, Vitamin E und der natürliche Feuchtigkeitsfaktor aus Schwarzhafer und Lecithin sorgen für nachhaltige Pflege und vermindern Fältchen. Rein natürliche Öle aus Aprikosenkernen, Macadamia und Sheabutter pflegen und schützen die Haut.</p>
<p>Frei von Parabenen, Paraffin, Silikon und PEG.</p>
<p>Hergestellt in der Schweiz</p>

<p>Leichte, intensiv hydratisierenede Tagespflege mit Edelweiss für nomale bis trockene Haut.</p>
